 = 2*v - 37, 14*v = -p + 16*v + 17. Calculate the greatest common factor of p and 1.
1
Let d(g) = 3*g + 1. Let p be d(3). Let h be 48/(-20)*-4*p. What is the highest common divisor of h and 12?
12
Let a be (-784)/(-21) + 4/6. Suppose -3*w + a = -16. Let i = 18 + 0. Calculate the highest common divisor of w and i.
18
Let l(d) be the second derivative of 7*d**4/12 - 11*d**3/6 + 9*d**2/2 - 24*d. Let v be l(4). Calculate the highest common divisor of 14 and v.
7
Let j be -3 - 2 - -5 - 413. Let o = -283 - j. Calculate the greatest common divisor of o and 26.
26
Suppose -2*j - 2*c = -12 - 14, -14 = -2*j + 2*c. Suppose 5*p = -35 + j, 4*h + p = 347. Suppose 44 = 2*r - 0. Calculate the greatest common factor of r and h.
22
Let a(r) = 3*r - 30. Let g be a(11). Let s = 3 - 1. Suppose -c + g = s*c. Calculate the greatest common divisor of 11 and c.
1
Let f(u) = -3*u**2 + 67*u + 23. Let q be f(22). What is the highest common factor of 9 and q?
9
Suppose 3*f - 177 = -5*g, -3*f - g + 61 = -104. What is the greatest common factor of 351 and f?
27
Let d(i) = i**3 + i**2 + i + 15. Let j(v) = v**3 + 11*v**2 - 12*v. Let m be j(-12). Let c be d(m). Calculate the highest common factor of c and 165.
15
Let f be 32/56 + (-118)/(-14). Suppose -f = -3*c + 15. What is the greatest common divisor of c and 64?
8
Let h = 72 - 66. Let g be ((-44)/(-16) - 3)/((-2)/16). What is the greatest common divisor of h and g?
2
Let u be (4 + -3)/((-3)/33). Let l = 21 + u. What is the greatest common factor of 25 and l?
5
Let t = 84 + 0. Let g(k) = 2*k**3 + 3*k**2 + 2*k - 3. Let a be g(-3). Let u = -24 - a. What is the highest common factor of t and u?
12
Let f be 0 + 257 - (0 + 2 + 0). What is the highest common factor of f and 105?
15
Let m = 12 + 12. Suppose 2*r = -4 + m. What is the greatest common divisor of 110 and r?
10
Let f = 0 + -8. Let o be 5/(22/f + 3). Calculate the highest common divisor of 10 and o.
10
Suppose 76*z - 78*z = -920. Calculate the greatest common factor of 20 and z.
20
Suppose -52 = -77*j + 75*j - 5*a, -2*j = -3*a - 20. Calculate the greatest common factor of j and 16.
16
Let z = -7 - -1. Let d be (-18)/(-4)*(-16)/z. Let t = -160 + 292. Calculate the highest common factor of t and d.
12
Let v = 257 - 249. Calculate the greatest common factor of 288 and v.
8
Let m be (43 + -1)/(2 - 1). Let s be 3*((-224)/3)/(-8). Calculate the greatest common factor of s and m.
14
Let g be -3 - -3*(-5 + 169). Suppose -5*v - 600 = p - 6*p, -5*v + g = 4*p. Calculate the highest common factor of 11 and p.
11
Let h be 4/(((-497)/(-98) - 3) + -2). Calculate the highest common divisor of 126 and h.
14
Let j = -461 - -527. Calculate the highest common divisor of j and 30.
6
Let z(o) be the first derivative of -o**3 + 33*o**2/2 + 12*o - 31. Let f be z(10). Calculate the greatest common factor of 105 and f.
21
Suppose -5*s - 3*q = 2*q - 145, -q = -2*s + 46. Let a = -21 + s. What is the highest common divisor of a and 2?
2
Let v(f) = f**2 - 6*f + 10. Let d be v(0). Let o(x) = 2*x**2 - x + 4. Let s be o(6). What is the greatest common divisor of s and d?
10
Let z = 19 - 24. Suppose -3*s = -32 - 13. Let k = s + z. Calculate the highest common factor of 20 and k.
10
Let s(r) = r**2 + r + 28. Let j be s(-8). Calculate the greatest common factor of 60 and j.
12
Suppose 5*u + 10 = 0, 2*o + u = -3*u + 76. Let k(q) = 17*q**2 - 1. Let b be k(-2). Let m = b + -39. Calculate the highest common factor of m and o.
14
Let m = -298 - -303. Calculate the greatest common factor of m and 55.
5
Suppose -5*i - 8553 + 8738 = 0. What is the highest common factor of 111 and i?
37
Suppose 352 = -4*d + 472. Suppose 358 = 3*r - 0*r - w, -w + 242 = 2*r. What is the greatest common factor of r and d?
30
Let t = -731 + 738. What is the greatest common divisor of 217 and t?
7
Suppose -p - 12 + 3 = -l, 0 = -4*l - 4*p + 20. Let g be 0 + 2 + l/(-14)*-348. What is the greatest common divisor of 22 and g?
22
Let z be 4/(-6)*(-9 - (-7 - -10)). What is the greatest common divisor of 3 and z?
1
Let p be ((-60)/3)/((-4)/2). Suppose -p*u + 36 = -4*u. Calculate the greatest common factor of 66 and u.
6
Let m be 160*(((-72)/(-30))/2 + 4). What is the highest common factor of 13 and m?
13
Let h(r) = r**3 - 4. Let p be h(4). Suppose -b + 2*f = -p, -4*f + 195 = 4*b - 3*f. Let i = 35 - 25. Calculate the greatest common divisor of i and b.
10
Let i be (-100)/(-26) - 14/(-91). Suppose w = i*w - 2*c + 128, -163 = 4*w + 5*c. Let g be (w/(-24))/(2/16). Calculate the highest common factor of 126 and g.
14
Let v be 3 + -4 + (1 - -78). Suppose 2*y - y - v = 0. What is the highest common divisor of y and 6?
6
Let k(s) = s**2 - s - 1. Let u be k(-1). Let d = -6 + u. Let p(v) = v**2 + 4*v + 9. Let i be p(d). Calculate the highest common factor of i and 98.
14
Suppose -s = 4*s - 50. Let k(o) = -2*o**2 + 1. Let n be k(1). Let i be 1/(n/5*-1). Calculate the highest common divisor of s and i.
5
Let f = -223 - -155. Let i = f + 80. What is the highest common factor of 42 and i?
6
Let i be ((-600)/750)/((-1)/1280). What is the highest common factor of i and 64?
64
Let a(r) = -4*r - 2. Let j be 8/5*(-20)/8. Let g be a(j). Suppose -q = 2*q - 2*x - 69, 2*q + x = 39. Calculate the highest common divisor of q and g.
7
Let q = 102 - 99. Suppose 2*j - s = 67, q*j - 94 = -5*s - 0*s. Let r be 2 - 2/(0 + -2). Calculate the greatest common divisor of j and r.
3
Let o be 2/3 - 31/(-3). Suppose 0 = 5*a + 5*i - 240, -3*i = -a - a + 101. Suppose 0 = 3*r - 116 - a. What is the highest common divisor of o and r?
11
Let i be (3/(-9) - 0) + (-4960)/(-30). What is the greatest common factor of 66 and i?
33
Let l be (6 - 4) + (12/4 - -723). Calculate the greatest common divisor of l and 56.
56
Suppose r + 1152 = 7*r. Suppose -2*j - r = -8*j. Calculate the greatest common divisor of 4 and j.
4
Let t be 1/4 - (-527)/4. Let v be (-5 - -3) + 5 - -1. Suppose -v*l - 20 = 4*h - 5*h, -5*h = l - 58. Calculate the highest common factor of h and t.
12
Suppose 0 = -2*k - 4*w + 10, -9 = -5*k + 5*w + 16. Calculate the greatest common factor of 20 and k.
5
Let q be (-36)/(-15) - ((-18)/15)/2. Suppose -q*n = -n - 74. Calculate the highest common factor of 37 and n.
37
Let w = -1 + 6. Suppose -5 = 4*l - 3*l, -3*b + 191 = w*l. Let m = -19 - -28. Calculate the highest common factor of b and m.
9
Let c be (2 - -4)/((-16)/(-8)). Suppose 358 - 14 = c*v + 5*j, j - 4 = 0. Calculate the highest common factor of v and 12.
12
Let u(v) = v**2 + 5*v - 5. Let o be u(-6). Let y be o - (-2 + 2 + -4). What is the greatest common divisor of y and 10?
5
Let d = -17 - -19. Suppose 5*f + 8 = -d, 3*r - 17 = -5*f. Suppose 5*q - 16 - 14 = 0. What is the greatest common factor of q and r?
3
Suppose -324 = -58*f + 54*f. Suppose 2 = -4*s + 6, 0 = b + 4*s - f. What is the greatest common divisor of b and 11?
11
Let a be -5 + -1 + 2 - -3. Let v be -3 + 16 - (4 + (a - 0)). Let h = 5 + 20. What is the greatest common factor of h and v?
5
Suppose 29*j = 5179 + 563. What is the highest common factor of 18 and j?
18
Suppose -3*y + 2 = -46. What is the greatest common factor of 176 and y?
16
Suppose 15*m + 35 - 110 = 0. What is the highest common divisor of 185 and m?
5
Let a = 1204 - 632. Suppose -92 = 10*o - a. What is the highest common divisor of o and 6?
6
Suppose 0*c = 3*c - 651. Suppose 587 - c = 5*b. Let g = -19 + b. What is the greatest common factor of g and 11?
11
Let b(k) = -11*k**3 + k**2 + k. Let l be b(-1). Suppose l*w = 7*w - 4. Let x be (-9)/w + 4/(-4). Calculate the highest common divisor of x and 8.
8
Let v(z) = 8*z**2 - 6*z - 2. Let s be v(3). Let r = -17 - -30. Calculate the greatest common divisor of s and r.
13
Let v be (-104)/4*6/(-4). What is the greatest common divisor of 91 and v?
13
Suppose 0 = 3*m - 2*m - 18. Let k(c) = c**3 + c**2 - 2*c + 7. Let o be k(0). Let y be 12/(-7)*o/(-2). Calculate the highest common factor of y and m.
6
Suppose -4*l + 168 = -0*l. Let x be (-1)/4 - l/(-8). Calculate the highest common divisor of x and 55.
5
Suppose -4*w + 17 + 31 = 0. Let v be (40/w)/(4/24). What is the highest common divisor of 180 and v?
20
Let l be 508/18 - 6/27. Let w = -287 + 301. Calculate the greatest common divisor of l and w.
14
Let g(p) = p**2 - 3*p - 65. Let m be g(18). What is th